{"id":13353,"date":"2020-04-14T08:20:40","date_gmt":"2020-04-14T08:20:40","guid":{"rendered":"http:\/\/www.nuevapescanova.com\/?page_id=13353"},"modified":"2021-09-15T07:10:12","modified_gmt":"2021-09-15T07:10:12","slug":"javeri_carral","status":"publish","type":"page","link":"https:\/\/www.nuevapescanova.com\/fr\/compania\/conseil-dadministration\/javeri_carral\/","title":{"rendered":"D. Javier Carral"},"content":{"rendered":"<section class=\"wpb-content-wrapper\"><p>[vc_row][vc_column width=\u00a0\u00bb1\/3&Prime;]<div class=\"photo_box element_classes  without-desc\"><div class=\"image_frame\"><div class=\"image_wrapper\"><div class=\"mask\"><\/div><img loading=\"lazy\" decoding=\"async\" class=\"scale-with-grid\" src=\"https:\/\/www.nuevapescanova.com\/nuevapescanova\/wp-content\/uploads\/2020\/09\/Carral.jpg\" alt=\"Carral\" width=\"300\" height=\"300\"\/><\/div><\/div><\/div>\n[\/vc_column][vc_column width=\u00a0\u00bb2\/3&Prime;][vc_column_text]<\/p>\n<h2>Javier Carral<\/h2>\n<h4>Administrateur<\/h4>\n<hr class=\" hr_color\" style=\"margin:0 auto 30px;\"\/>\n\n<p>Titulaire d\u2019un Dipl\u00f4me d\u2019\u00e9tudes sup\u00e9rieures (bac+5) d&rsquo;\u00c9conomie et d&rsquo;\u00c9tudes Commerciales de l&rsquo;Universit\u00e9 Complutense de Madrid et MBA de l&rsquo;Universit\u00e9 de Houston (\u00c9tats-Unis).<\/p>\n<p>Il a commenc\u00e9 sa carri\u00e8re professionnelle chez Banesto Mercado de Capitales. En 1994, il a rejoint la banque HSBC o\u00f9 il a occup\u00e9 divers postes dans les domaines de la tr\u00e9sorerie et des march\u00e9s, de la banque priv\u00e9e, et a termin\u00e9 cette p\u00e9riode de sa vie professionnelle en tant que Pr\u00e9sident de HSBC Gesti\u00f3n SGIIC.<\/p>\n<p>En 2000, il a rejoint Caixa Galicia, o\u00f9 il a occup\u00e9 diff\u00e9rents postes \u00e0 responsabilit\u00e9 : Directeur g\u00e9n\u00e9ral de GesCaixa Galicia SGECR, Directeur des centres financiers, Directeur des investissements et PDG de la soci\u00e9t\u00e9 industrielle.<\/p>\n<p>En 2014 il a \u00e9t\u00e9 nomm\u00e9 Directeur des Participations chez ABANCA. Il a \u00e9t\u00e9 membre de plusieurs Conseils d&rsquo;administration de soci\u00e9t\u00e9s telles que Itinere Infraestructuras, R Cable, Cafento, Pl\u00e1sticos Ferro, Gas Galicia, Dinak, Cupa Group, Norvento, Grupo Continental, Helena Activos L\u00edquidos, Vigo Activo SCR, Sodiga SGECR, Pr\u00e9sident de Espacios Termol\u00fadicos et Vicepr\u00e9sident de Tecnocom. Il a \u00e9galement \u00e9t\u00e9 membre des Conseils consultatifs de Unirisco, de Recherche et D\u00e9veloppement chez Unifondo, Baring Iberia et Diana Capital.<\/p>\n<p>En 2021 il a \u00e9t\u00e9 nomm\u00e9 Directeur Ex\u00e9cutif de la Banque d\u2019Investissement.<\/p>\n<p>Il repr\u00e9sente actuellement ABANCA aux Conseils d&rsquo;administration de Caser, Sogevinus Fine Wines et Veralia Corporaci\u00f3n de Productoras de Cine y Televisi\u00f3n.[\/vc_column_text][\/vc_column][\/vc_row]<\/p>\n<\/section>","protected":false},"excerpt":{"rendered":"<p>[vc_row][vc_column width=\u00a0\u00bb1\/3&Prime;][\/vc_column][vc_column width=\u00a0\u00bb2\/3&Prime;][vc_column_text] Javier Carral Administrateur Titulaire d\u2019un Dipl\u00f4me d\u2019\u00e9tudes sup\u00e9rieures (bac+5) d&rsquo;\u00c9conomie et d&rsquo;\u00c9tudes Commerciales de l&rsquo;Universit\u00e9 Complutense de Madrid et MBA de l&rsquo;Universit\u00e9 de<span class=\"excerpt-hellip\"> [\u2026]<\/span><\/p>\n","protected":false},"author":3,"featured_media":0,"parent":2725,"menu_order":1,"comment_status":"closed","ping_status":"closed","template":"","meta":{"_acf_changed":false,"footnotes":""},"class_list":["post-13353","page","type-page","status-publish","hentry"],"acf":[],"yoast_head":"<!-- This site is optimized with the Yoast SEO plugin v25.9 - https:\/\/yoast.com\/wordpress\/plugins\/seo\/ -->\n<title>D. Javier Carral - Nueva Pescanova<\/title>\n<meta name=\"robots\" content=\"index, follow, max-snippet:-1, max-image-preview:large, max-video-preview:-1\" \/>\n<link rel=\"canonical\" href=\"https:\/\/www.nuevapescanova.com\/compania\/consejo-de-administracion\/javeri_carral\/\" \/>\n<meta property=\"og:locale\" content=\"fr_FR\" \/>\n<meta property=\"og:type\" content=\"article\" \/>\n<meta property=\"og:title\" content=\"D. Javier Carral - Nueva Pescanova\" \/>\n<meta property=\"og:description\" content=\"[vc_row][vc_column width=\u00a0\u00bb1\/3&Prime;][\/vc_column][vc_column width=\u00a0\u00bb2\/3&Prime;][vc_column_text] Javier Carral Administrateur Titulaire d\u2019un Dipl\u00f4me d\u2019\u00e9tudes sup\u00e9rieures (bac+5) d&rsquo;\u00c9conomie et d&rsquo;\u00c9tudes Commerciales de l&rsquo;Universit\u00e9 Complutense de Madrid et MBA de l&rsquo;Universit\u00e9 de [\u2026]\" \/>\n<meta property=\"og:url\" content=\"https:\/\/www.nuevapescanova.com\/compania\/consejo-de-administracion\/javeri_carral\/\" \/>\n<meta property=\"og:site_name\" content=\"Nueva Pescanova\" \/>\n<meta property=\"article:modified_time\" content=\"2021-09-15T07:10:12+00:00\" \/>\n<meta name=\"twitter:card\" content=\"summary_large_image\" \/>\n<meta name=\"twitter:site\" content=\"@PescanovaCorp\" \/>\n<meta name=\"twitter:label1\" content=\"Dur\u00e9e de lecture estim\u00e9e\" \/>\n\t<meta name=\"twitter:data1\" content=\"1 minute\" \/>\n<script type=\"application\/ld+json\" class=\"yoast-schema-graph\">{\"@context\":\"https:\/\/schema.org\",\"@graph\":[{\"@type\":\"WebPage\",\"@id\":\"https:\/\/www.nuevapescanova.com\/compania\/consejo-de-administracion\/javeri_carral\/\",\"url\":\"https:\/\/www.nuevapescanova.com\/compania\/consejo-de-administracion\/javeri_carral\/\",\"name\":\"D. Javier Carral - Nueva Pescanova\",\"isPartOf\":{\"@id\":\"https:\/\/www.nuevapescanova.com\/#website\"},\"datePublished\":\"2020-04-14T08:20:40+00:00\",\"dateModified\":\"2021-09-15T07:10:12+00:00\",\"breadcrumb\":{\"@id\":\"https:\/\/www.nuevapescanova.com\/compania\/consejo-de-administracion\/javeri_carral\/#breadcrumb\"},\"inLanguage\":\"fr-FR\",\"potentialAction\":[{\"@type\":\"ReadAction\",\"target\":[\"https:\/\/www.nuevapescanova.com\/compania\/consejo-de-administracion\/javeri_carral\/\"]}]},{\"@type\":\"BreadcrumbList\",\"@id\":\"https:\/\/www.nuevapescanova.com\/compania\/consejo-de-administracion\/javeri_carral\/#breadcrumb\",\"itemListElement\":[{\"@type\":\"ListItem\",\"position\":1,\"name\":\"Portada\",\"item\":\"https:\/\/www.nuevapescanova.com\/fr\/\"},{\"@type\":\"ListItem\",\"position\":2,\"name\":\"Soci\u00e9t\u00e9\",\"item\":\"https:\/\/www.nuevapescanova.com\/fr\/compania\/\"},{\"@type\":\"ListItem\",\"position\":3,\"name\":\"Conseil d\u00b4administration\",\"item\":\"https:\/\/www.nuevapescanova.com\/compania\/consejo-de-administracion\/\"},{\"@type\":\"ListItem\",\"position\":4,\"name\":\"D. Javier Carral\"}]},{\"@type\":\"WebSite\",\"@id\":\"https:\/\/www.nuevapescanova.com\/#website\",\"url\":\"https:\/\/www.nuevapescanova.com\/\",\"name\":\"Nueva Pescanova\",\"description\":\"\",\"publisher\":{\"@id\":\"https:\/\/www.nuevapescanova.com\/#organization\"},\"potentialAction\":[{\"@type\":\"SearchAction\",\"target\":{\"@type\":\"EntryPoint\",\"urlTemplate\":\"https:\/\/www.nuevapescanova.com\/?s={search_term_string}\"},\"query-input\":{\"@type\":\"PropertyValueSpecification\",\"valueRequired\":true,\"valueName\":\"search_term_string\"}}],\"inLanguage\":\"fr-FR\"},{\"@type\":\"Organization\",\"@id\":\"https:\/\/www.nuevapescanova.com\/#organization\",\"name\":\"Nueva Pescanova\",\"url\":\"https:\/\/www.nuevapescanova.com\/\",\"logo\":{\"@type\":\"ImageObject\",\"inLanguage\":\"fr-FR\",\"@id\":\"https:\/\/www.nuevapescanova.com\/#\/schema\/logo\/image\/\",\"url\":\"https:\/\/www.nuevapescanova.com\/nuevapescanova\/wp-content\/uploads\/2023\/06\/Logo-Grupo-Nueva-Pescanova.jpg\",\"contentUrl\":\"https:\/\/www.nuevapescanova.com\/nuevapescanova\/wp-content\/uploads\/2023\/06\/Logo-Grupo-Nueva-Pescanova.jpg\",\"width\":800,\"height\":398,\"caption\":\"Nueva Pescanova\"},\"image\":{\"@id\":\"https:\/\/www.nuevapescanova.com\/#\/schema\/logo\/image\/\"},\"sameAs\":[\"https:\/\/x.com\/PescanovaCorp\",\"https:\/\/www.linkedin.com\/company\/nuevapescanova\/?originalSubdomain=es\"]}]}<\/script>\n<!-- \/ Yoast SEO plugin. -->","yoast_head_json":{"title":"D. Javier Carral - Nueva Pescanova","robots":{"index":"index","follow":"follow","max-snippet":"max-snippet:-1","max-image-preview":"max-image-preview:large","max-video-preview":"max-video-preview:-1"},"canonical":"https:\/\/www.nuevapescanova.com\/compania\/consejo-de-administracion\/javeri_carral\/","og_locale":"fr_FR","og_type":"article","og_title":"D. Javier Carral - Nueva Pescanova","og_description":"[vc_row][vc_column width=\u00a0\u00bb1\/3&Prime;][\/vc_column][vc_column width=\u00a0\u00bb2\/3&Prime;][vc_column_text] Javier Carral Administrateur Titulaire d\u2019un Dipl\u00f4me d\u2019\u00e9tudes sup\u00e9rieures (bac+5) d&rsquo;\u00c9conomie et d&rsquo;\u00c9tudes Commerciales de l&rsquo;Universit\u00e9 Complutense de Madrid et MBA de l&rsquo;Universit\u00e9 de [\u2026]","og_url":"https:\/\/www.nuevapescanova.com\/compania\/consejo-de-administracion\/javeri_carral\/","og_site_name":"Nueva Pescanova","article_modified_time":"2021-09-15T07:10:12+00:00","twitter_card":"summary_large_image","twitter_site":"@PescanovaCorp","twitter_misc":{"Dur\u00e9e de lecture estim\u00e9e":"1 minute"},"schema":{"@context":"https:\/\/schema.org","@graph":[{"@type":"WebPage","@id":"https:\/\/www.nuevapescanova.com\/compania\/consejo-de-administracion\/javeri_carral\/","url":"https:\/\/www.nuevapescanova.com\/compania\/consejo-de-administracion\/javeri_carral\/","name":"D. Javier Carral - Nueva Pescanova","isPartOf":{"@id":"https:\/\/www.nuevapescanova.com\/#website"},"datePublished":"2020-04-14T08:20:40+00:00","dateModified":"2021-09-15T07:10:12+00:00","breadcrumb":{"@id":"https:\/\/www.nuevapescanova.com\/compania\/consejo-de-administracion\/javeri_carral\/#breadcrumb"},"inLanguage":"fr-FR","potentialAction":[{"@type":"ReadAction","target":["https:\/\/www.nuevapescanova.com\/compania\/consejo-de-administracion\/javeri_carral\/"]}]},{"@type":"BreadcrumbList","@id":"https:\/\/www.nuevapescanova.com\/compania\/consejo-de-administracion\/javeri_carral\/#breadcrumb","itemListElement":[{"@type":"ListItem","position":1,"name":"Portada","item":"https:\/\/www.nuevapescanova.com\/fr\/"},{"@type":"ListItem","position":2,"name":"Soci\u00e9t\u00e9","item":"https:\/\/www.nuevapescanova.com\/fr\/compania\/"},{"@type":"ListItem","position":3,"name":"Conseil d\u00b4administration","item":"https:\/\/www.nuevapescanova.com\/compania\/consejo-de-administracion\/"},{"@type":"ListItem","position":4,"name":"D. Javier Carral"}]},{"@type":"WebSite","@id":"https:\/\/www.nuevapescanova.com\/#website","url":"https:\/\/www.nuevapescanova.com\/","name":"Nueva Pescanova","description":"","publisher":{"@id":"https:\/\/www.nuevapescanova.com\/#organization"},"potentialAction":[{"@type":"SearchAction","target":{"@type":"EntryPoint","urlTemplate":"https:\/\/www.nuevapescanova.com\/?s={search_term_string}"},"query-input":{"@type":"PropertyValueSpecification","valueRequired":true,"valueName":"search_term_string"}}],"inLanguage":"fr-FR"},{"@type":"Organization","@id":"https:\/\/www.nuevapescanova.com\/#organization","name":"Nueva Pescanova","url":"https:\/\/www.nuevapescanova.com\/","logo":{"@type":"ImageObject","inLanguage":"fr-FR","@id":"https:\/\/www.nuevapescanova.com\/#\/schema\/logo\/image\/","url":"https:\/\/www.nuevapescanova.com\/nuevapescanova\/wp-content\/uploads\/2023\/06\/Logo-Grupo-Nueva-Pescanova.jpg","contentUrl":"https:\/\/www.nuevapescanova.com\/nuevapescanova\/wp-content\/uploads\/2023\/06\/Logo-Grupo-Nueva-Pescanova.jpg","width":800,"height":398,"caption":"Nueva Pescanova"},"image":{"@id":"https:\/\/www.nuevapescanova.com\/#\/schema\/logo\/image\/"},"sameAs":["https:\/\/x.com\/PescanovaCorp","https:\/\/www.linkedin.com\/company\/nuevapescanova\/?originalSubdomain=es"]}]}},"_links":{"self":[{"href":"https:\/\/www.nuevapescanova.com\/fr\/wp-json\/wp\/v2\/pages\/13353","targetHints":{"allow":["GET"]}}],"collection":[{"href":"https:\/\/www.nuevapescanova.com\/fr\/wp-json\/wp\/v2\/pages"}],"about":[{"href":"https:\/\/www.nuevapescanova.com\/fr\/wp-json\/wp\/v2\/types\/page"}],"author":[{"embeddable":true,"href":"https:\/\/www.nuevapescanova.com\/fr\/wp-json\/wp\/v2\/users\/3"}],"replies":[{"embeddable":true,"href":"https:\/\/www.nuevapescanova.com\/fr\/wp-json\/wp\/v2\/comments?post=13353"}],"version-history":[{"count":1,"href":"https:\/\/www.nuevapescanova.com\/fr\/wp-json\/wp\/v2\/pages\/13353\/revisions"}],"predecessor-version":[{"id":22488,"href":"https:\/\/www.nuevapescanova.com\/fr\/wp-json\/wp\/v2\/pages\/13353\/revisions\/22488"}],"up":[{"embeddable":true,"href":"https:\/\/www.nuevapescanova.com\/fr\/wp-json\/wp\/v2\/pages\/2725"}],"wp:attachment":[{"href":"https:\/\/www.nuevapescanova.com\/fr\/wp-json\/wp\/v2\/media?parent=13353"}],"curies":[{"name":"wp","href":"https:\/\/api.w.org\/{rel}","templated":true}]}}

<section class="wpb-content-wrapper"><p>[vc_row][vc_column width= »1/3&Prime;]<div class="photo_box element_classes  without-desc"><div class="image_frame"><div class="image_wrapper"><div class="mask"></div><img loading="lazy" decoding="async" class="scale-with-grid" src="https://www.nuevapescanova.com/nuevapescanova/wp-content/uploads/2020/09/Carral.jpg" alt="Carral" width="300" height="300"/></div></div></div>
[/vc_column][vc_column width= »2/3&Prime;][vc_column_text]</p>
<h2>Javier Carral</h2>
<h4>Administrateur</h4>
<hr class=" hr_color" style="margin:0 auto 30px;"/>

<p>Titulaire d’un Diplôme d’études supérieures (bac+5) d&rsquo;Économie et d&rsquo;Études Commerciales de l&rsquo;Université Complutense de Madrid et MBA de l&rsquo;Université de Houston (États-Unis).</p>
<p>Il a commencé sa carrière professionnelle chez Banesto Mercado de Capitales. En 1994, il a rejoint la banque HSBC où il a occupé divers postes dans les domaines de la trésorerie et des marchés, de la banque privée, et a terminé cette période de sa vie professionnelle en tant que Président de HSBC Gestión SGIIC.</p>
<p>En 2000, il a rejoint Caixa Galicia, où il a occupé différents postes à responsabilité : Directeur général de GesCaixa Galicia SGECR, Directeur des centres financiers, Directeur des investissements et PDG de la société industrielle.</p>
<p>En 2014 il a été nommé Directeur des Participations chez ABANCA. Il a été membre de plusieurs Conseils d&rsquo;administration de sociétés telles que Itinere Infraestructuras, R Cable, Cafento, Plásticos Ferro, Gas Galicia, Dinak, Cupa Group, Norvento, Grupo Continental, Helena Activos Líquidos, Vigo Activo SCR, Sodiga SGECR, Président de Espacios Termolúdicos et Viceprésident de Tecnocom. Il a également été membre des Conseils consultatifs de Unirisco, de Recherche et Développement chez Unifondo, Baring Iberia et Diana Capital.</p>
<p>En 2021 il a été nommé Directeur Exécutif de la Banque d’Investissement.</p>
<p>Il représente actuellement ABANCA aux Conseils d&rsquo;administration de Caser, Sogevinus Fine Wines et Veralia Corporación de Productoras de Cine y Televisión.[/vc_column_text][/vc_column][/vc_row]</p>
</section>

<p>[vc_row][vc_column width= »1/3&Prime;][/vc_column][vc_column width= »2/3&Prime;][vc_column_text] Javier Carral Administrateur Titulaire d’un Diplôme d’études supérieures (bac+5) d&rsquo;Économie et d&rsquo;Études Commerciales de l&rsquo;Université Complutense de Madrid et MBA de l&rsquo;Université de<span class="excerpt-hellip"> […]</span></p>

<!-- This site is optimized with the Yoast SEO plugin v25.9 - https://yoast.com/wordpress/plugins/seo/ -->
<title>D. Javier Carral - Nueva Pescanova</title>
<meta name="robots" content="index, follow, max-snippet:-1, max-image-preview:large, max-video-preview:-1" />
<link rel="canonical" href="https://www.nuevapescanova.com/compania/consejo-de-administracion/javeri_carral/" />
<meta property="og:locale" content="fr_FR" />
<meta property="og:type" content="article" />
<meta property="og:title" content="D. Javier Carral - Nueva Pescanova" />
<meta property="og:description" content="[vc_row][vc_column width= »1/3&Prime;][/vc_column][vc_column width= »2/3&Prime;][vc_column_text] Javier Carral Administrateur Titulaire d’un Diplôme d’études supérieures (bac+5) d&rsquo;Économie et d&rsquo;Études Commerciales de l&rsquo;Université Complutense de Madrid et MBA de l&rsquo;Université de […]" />
<meta property="og:url" content="https://www.nuevapescanova.com/compania/consejo-de-administracion/javeri_carral/" />
<meta property="og:site_name" content="Nueva Pescanova" />
<meta property="article:modified_time" content="2021-09-15T07:10:12+00:00" />
<meta name="twitter:card" content="summary_large_image" />
<meta name="twitter:site" content="@PescanovaCorp" />
<meta name="twitter:label1" content="Durée de lecture estimée" />
	<meta name="twitter:data1" content="1 minute" />
<script type="application/ld+json" class="yoast-schema-graph">{"@context":"https://schema.org","@graph":[{"@type":"WebPage","@id":"https://www.nuevapescanova.com/compania/consejo-de-administracion/javeri_carral/","url":"https://www.nuevapescanova.com/compania/consejo-de-administracion/javeri_carral/","name":"D. Javier Carral - Nueva Pescanova","isPartOf":{"@id":"https://www.nuevapescanova.com/#website"},"datePublished":"2020-04-14T08:20:40+00:00","dateModified":"2021-09-15T07:10:12+00:00","breadcrumb":{"@id":"https://www.nuevapescanova.com/compania/consejo-de-administracion/javeri_carral/#breadcrumb"},"inLanguage":"fr-FR","potentialAction":[{"@type":"ReadAction","target":["https://www.nuevapescanova.com/compania/consejo-de-administracion/javeri_carral/"]}]},{"@type":"BreadcrumbList","@id":"https://www.nuevapescanova.com/compania/consejo-de-administracion/javeri_carral/#breadcrumb","itemListElement":[{"@type":"ListItem","position":1,"name":"Portada","item":"https://www.nuevapescanova.com/fr/"},{"@type":"ListItem","position":2,"name":"Société","item":"https://www.nuevapescanova.com/fr/compania/"},{"@type":"ListItem","position":3,"name":"Conseil d´administration","item":"https://www.nuevapescanova.com/compania/consejo-de-administracion/"},{"@type":"ListItem","position":4,"name":"D. Javier Carral"}]},{"@type":"WebSite","@id":"https://www.nuevapescanova.com/#website","url":"https://www.nuevapescanova.com/","name":"Nueva Pescanova","description":"","publisher":{"@id":"https://www.nuevapescanova.com/#organization"},"potentialAction":[{"@type":"SearchAction","target":{"@type":"EntryPoint","urlTemplate":"https://www.nuevapescanova.com/?s={search_term_string}"},"query-input":{"@type":"PropertyValueSpecification","valueRequired":true,"valueName":"search_term_string"}}],"inLanguage":"fr-FR"},{"@type":"Organization","@id":"https://www.nuevapescanova.com/#organization","name":"Nueva Pescanova","url":"https://www.nuevapescanova.com/","logo":{"@type":"ImageObject","inLanguage":"fr-FR","@id":"https://www.nuevapescanova.com/#/schema/logo/image/","url":"https://www.nuevapescanova.com/nuevapescanova/wp-content/uploads/2023/06/Logo-Grupo-Nueva-Pescanova.jpg","contentUrl":"https://www.nuevapescanova.com/nuevapescanova/wp-content/uploads/2023/06/Logo-Grupo-Nueva-Pescanova.jpg","width":800,"height":398,"caption":"Nueva Pescanova"},"image":{"@id":"https://www.nuevapescanova.com/#/schema/logo/image/"},"sameAs":["https://x.com/PescanovaCorp","https://www.linkedin.com/company/nuevapescanova/?originalSubdomain=es"]}]}</script>
<!-- / Yoast SEO plugin. -->

[vc_row][vc_column width= »1/3&Prime;][/vc_column][vc_column width= »2/3&Prime;][vc_column_text] Javier Carral Administrateur Titulaire d’un Diplôme d’études supérieures (bac+5) d&rsquo;Économie et d&rsquo;Études Commerciales de l&rsquo;Université Complutense de Madrid et MBA de l&rsquo;Université de […]

Société
