{"id":2787,"date":"2017-12-20T08:49:18","date_gmt":"2017-12-20T08:49:18","guid":{"rendered":"http:\/\/demo.nuevapescanova.com\/sala-de-prensa\/contacto-para-prensa\/"},"modified":"2018-03-08T18:42:22","modified_gmt":"2018-03-08T18:42:22","slug":"contacto-para-prensa","status":"publish","type":"page","link":"https:\/\/www.nuevapescanova.com\/fr\/communication\/contacto-para-prensa\/","title":{"rendered":"Contact pour la presse"},"content":{"rendered":"<section class=\"wpb-content-wrapper\"><p>[vc_row][vc_column][vc_column_text el_class=\u00a0\u00bbtitulo\u00a0\u00bb]Contact pour la presse[\/vc_column_text][\/vc_column][\/vc_row][vc_row][vc_column][vc_column_text]<span class=\"titular\">Pour plus de renseignements pour les m\u00e9dias, veuillez contacter avec:<\/span><\/p>\n<p><span class=\"titulo_azul\">Direction G\u00e9n\u00e9rale de Communication<\/span><br \/>\nC\/ Jos\u00e9 Fern\u00e1ndez L\u00f3pez s\/n<br \/>\n36320 Chapela &#8211; Redondela<br \/>\n<strong>Pontevedra &#8211; ESPAGNE<\/strong><br \/>\nTel: + 34 986 818 100<br \/>\n<a href=\"mailto:comunicacion@nuevapescanova.com\" target=\"_blank\" rel=\"noopener\">comunicacion@nuevapescanova.com<\/a>[\/vc_column_text][\/vc_column][\/vc_row]<\/p>\n<\/section>","protected":false},"excerpt":{"rendered":"<p>[vc_row][vc_column][vc_column_text el_class=\u00a0\u00bbtitulo\u00a0\u00bb]Contact pour la presse[\/vc_column_text][\/vc_column][\/vc_row][vc_row][vc_column][vc_column_text]Pour plus de renseignements pour les m\u00e9dias, veuillez contacter avec: Direction G\u00e9n\u00e9rale de Communication C\/ Jos\u00e9 Fern\u00e1ndez L\u00f3pez s\/n 36320 Chapela &#8211;<span class=\"excerpt-hellip\"> [\u2026]<\/span><\/p>\n","protected":false},"author":3,"featured_media":0,"parent":2781,"menu_order":3,"comment_status":"closed","ping_status":"closed","template":"","meta":{"_acf_changed":false,"footnotes":""},"class_list":["post-2787","page","type-page","status-publish","hentry"],"acf":[],"yoast_head":"<!-- This site is optimized with the Yoast SEO plugin v25.9 - https:\/\/yoast.com\/wordpress\/plugins\/seo\/ -->\n<title>Contact pour la presse - Nueva Pescanova<\/title>\n<meta name=\"robots\" content=\"index, follow, max-snippet:-1, max-image-preview:large, max-video-preview:-1\" \/>\n<link rel=\"canonical\" href=\"https:\/\/www.nuevapescanova.com\/prensa-comunicacion\/contacto-para-prensa\/\" \/>\n<meta property=\"og:locale\" content=\"fr_FR\" \/>\n<meta property=\"og:type\" content=\"article\" \/>\n<meta property=\"og:title\" content=\"Contact pour la presse - Nueva Pescanova\" \/>\n<meta property=\"og:description\" content=\"[vc_row][vc_column][vc_column_text el_class=\u00a0\u00bbtitulo\u00a0\u00bb]Contact pour la presse[\/vc_column_text][\/vc_column][\/vc_row][vc_row][vc_column][vc_column_text]Pour plus de renseignements pour les m\u00e9dias, veuillez contacter avec: Direction G\u00e9n\u00e9rale de Communication C\/ Jos\u00e9 Fern\u00e1ndez L\u00f3pez s\/n 36320 Chapela &#8211; [\u2026]\" \/>\n<meta property=\"og:url\" content=\"https:\/\/www.nuevapescanova.com\/prensa-comunicacion\/contacto-para-prensa\/\" \/>\n<meta property=\"og:site_name\" content=\"Nueva Pescanova\" \/>\n<meta property=\"article:modified_time\" content=\"2018-03-08T18:42:22+00:00\" \/>\n<meta name=\"twitter:card\" content=\"summary_large_image\" \/>\n<meta name=\"twitter:site\" content=\"@PescanovaCorp\" \/>\n<script type=\"application\/ld+json\" class=\"yoast-schema-graph\">{\"@context\":\"https:\/\/schema.org\",\"@graph\":[{\"@type\":\"WebPage\",\"@id\":\"https:\/\/www.nuevapescanova.com\/prensa-comunicacion\/contacto-para-prensa\/\",\"url\":\"https:\/\/www.nuevapescanova.com\/prensa-comunicacion\/contacto-para-prensa\/\",\"name\":\"Contact pour la presse - Nueva Pescanova\",\"isPartOf\":{\"@id\":\"https:\/\/www.nuevapescanova.com\/#website\"},\"datePublished\":\"2017-12-20T08:49:18+00:00\",\"dateModified\":\"2018-03-08T18:42:22+00:00\",\"breadcrumb\":{\"@id\":\"https:\/\/www.nuevapescanova.com\/prensa-comunicacion\/contacto-para-prensa\/#breadcrumb\"},\"inLanguage\":\"fr-FR\",\"potentialAction\":[{\"@type\":\"ReadAction\",\"target\":[\"https:\/\/www.nuevapescanova.com\/prensa-comunicacion\/contacto-para-prensa\/\"]}]},{\"@type\":\"BreadcrumbList\",\"@id\":\"https:\/\/www.nuevapescanova.com\/prensa-comunicacion\/contacto-para-prensa\/#breadcrumb\",\"itemListElement\":[{\"@type\":\"ListItem\",\"position\":1,\"name\":\"Portada\",\"item\":\"https:\/\/www.nuevapescanova.com\/fr\/\"},{\"@type\":\"ListItem\",\"position\":2,\"name\":\"Communication\",\"item\":\"https:\/\/www.nuevapescanova.com\/fr\/communication\/\"},{\"@type\":\"ListItem\",\"position\":3,\"name\":\"Contact pour la presse\"}]},{\"@type\":\"WebSite\",\"@id\":\"https:\/\/www.nuevapescanova.com\/#website\",\"url\":\"https:\/\/www.nuevapescanova.com\/\",\"name\":\"Nueva Pescanova\",\"description\":\"\",\"publisher\":{\"@id\":\"https:\/\/www.nuevapescanova.com\/#organization\"},\"potentialAction\":[{\"@type\":\"SearchAction\",\"target\":{\"@type\":\"EntryPoint\",\"urlTemplate\":\"https:\/\/www.nuevapescanova.com\/?s={search_term_string}\"},\"query-input\":{\"@type\":\"PropertyValueSpecification\",\"valueRequired\":true,\"valueName\":\"search_term_string\"}}],\"inLanguage\":\"fr-FR\"},{\"@type\":\"Organization\",\"@id\":\"https:\/\/www.nuevapescanova.com\/#organization\",\"name\":\"Nueva Pescanova\",\"url\":\"https:\/\/www.nuevapescanova.com\/\",\"logo\":{\"@type\":\"ImageObject\",\"inLanguage\":\"fr-FR\",\"@id\":\"https:\/\/www.nuevapescanova.com\/#\/schema\/logo\/image\/\",\"url\":\"https:\/\/www.nuevapescanova.com\/nuevapescanova\/wp-content\/uploads\/2023\/06\/Logo-Grupo-Nueva-Pescanova.jpg\",\"contentUrl\":\"https:\/\/www.nuevapescanova.com\/nuevapescanova\/wp-content\/uploads\/2023\/06\/Logo-Grupo-Nueva-Pescanova.jpg\",\"width\":800,\"height\":398,\"caption\":\"Nueva Pescanova\"},\"image\":{\"@id\":\"https:\/\/www.nuevapescanova.com\/#\/schema\/logo\/image\/\"},\"sameAs\":[\"https:\/\/x.com\/PescanovaCorp\",\"https:\/\/www.linkedin.com\/company\/nuevapescanova\/?originalSubdomain=es\"]}]}<\/script>\n<!-- \/ Yoast SEO plugin. -->","yoast_head_json":{"title":"Contact pour la presse - Nueva Pescanova","robots":{"index":"index","follow":"follow","max-snippet":"max-snippet:-1","max-image-preview":"max-image-preview:large","max-video-preview":"max-video-preview:-1"},"canonical":"https:\/\/www.nuevapescanova.com\/prensa-comunicacion\/contacto-para-prensa\/","og_locale":"fr_FR","og_type":"article","og_title":"Contact pour la presse - Nueva Pescanova","og_description":"[vc_row][vc_column][vc_column_text el_class=\u00a0\u00bbtitulo\u00a0\u00bb]Contact pour la presse[\/vc_column_text][\/vc_column][\/vc_row][vc_row][vc_column][vc_column_text]Pour plus de renseignements pour les m\u00e9dias, veuillez contacter avec: Direction G\u00e9n\u00e9rale de Communication C\/ Jos\u00e9 Fern\u00e1ndez L\u00f3pez s\/n 36320 Chapela &#8211; [\u2026]","og_url":"https:\/\/www.nuevapescanova.com\/prensa-comunicacion\/contacto-para-prensa\/","og_site_name":"Nueva Pescanova","article_modified_time":"2018-03-08T18:42:22+00:00","twitter_card":"summary_large_image","twitter_site":"@PescanovaCorp","schema":{"@context":"https:\/\/schema.org","@graph":[{"@type":"WebPage","@id":"https:\/\/www.nuevapescanova.com\/prensa-comunicacion\/contacto-para-prensa\/","url":"https:\/\/www.nuevapescanova.com\/prensa-comunicacion\/contacto-para-prensa\/","name":"Contact pour la presse - Nueva Pescanova","isPartOf":{"@id":"https:\/\/www.nuevapescanova.com\/#website"},"datePublished":"2017-12-20T08:49:18+00:00","dateModified":"2018-03-08T18:42:22+00:00","breadcrumb":{"@id":"https:\/\/www.nuevapescanova.com\/prensa-comunicacion\/contacto-para-prensa\/#breadcrumb"},"inLanguage":"fr-FR","potentialAction":[{"@type":"ReadAction","target":["https:\/\/www.nuevapescanova.com\/prensa-comunicacion\/contacto-para-prensa\/"]}]},{"@type":"BreadcrumbList","@id":"https:\/\/www.nuevapescanova.com\/prensa-comunicacion\/contacto-para-prensa\/#breadcrumb","itemListElement":[{"@type":"ListItem","position":1,"name":"Portada","item":"https:\/\/www.nuevapescanova.com\/fr\/"},{"@type":"ListItem","position":2,"name":"Communication","item":"https:\/\/www.nuevapescanova.com\/fr\/communication\/"},{"@type":"ListItem","position":3,"name":"Contact pour la presse"}]},{"@type":"WebSite","@id":"https:\/\/www.nuevapescanova.com\/#website","url":"https:\/\/www.nuevapescanova.com\/","name":"Nueva Pescanova","description":"","publisher":{"@id":"https:\/\/www.nuevapescanova.com\/#organization"},"potentialAction":[{"@type":"SearchAction","target":{"@type":"EntryPoint","urlTemplate":"https:\/\/www.nuevapescanova.com\/?s={search_term_string}"},"query-input":{"@type":"PropertyValueSpecification","valueRequired":true,"valueName":"search_term_string"}}],"inLanguage":"fr-FR"},{"@type":"Organization","@id":"https:\/\/www.nuevapescanova.com\/#organization","name":"Nueva Pescanova","url":"https:\/\/www.nuevapescanova.com\/","logo":{"@type":"ImageObject","inLanguage":"fr-FR","@id":"https:\/\/www.nuevapescanova.com\/#\/schema\/logo\/image\/","url":"https:\/\/www.nuevapescanova.com\/nuevapescanova\/wp-content\/uploads\/2023\/06\/Logo-Grupo-Nueva-Pescanova.jpg","contentUrl":"https:\/\/www.nuevapescanova.com\/nuevapescanova\/wp-content\/uploads\/2023\/06\/Logo-Grupo-Nueva-Pescanova.jpg","width":800,"height":398,"caption":"Nueva Pescanova"},"image":{"@id":"https:\/\/www.nuevapescanova.com\/#\/schema\/logo\/image\/"},"sameAs":["https:\/\/x.com\/PescanovaCorp","https:\/\/www.linkedin.com\/company\/nuevapescanova\/?originalSubdomain=es"]}]}},"_links":{"self":[{"href":"https:\/\/www.nuevapescanova.com\/fr\/wp-json\/wp\/v2\/pages\/2787","targetHints":{"allow":["GET"]}}],"collection":[{"href":"https:\/\/www.nuevapescanova.com\/fr\/wp-json\/wp\/v2\/pages"}],"about":[{"href":"https:\/\/www.nuevapescanova.com\/fr\/wp-json\/wp\/v2\/types\/page"}],"author":[{"embeddable":true,"href":"https:\/\/www.nuevapescanova.com\/fr\/wp-json\/wp\/v2\/users\/3"}],"replies":[{"embeddable":true,"href":"https:\/\/www.nuevapescanova.com\/fr\/wp-json\/wp\/v2\/comments?post=2787"}],"version-history":[{"count":0,"href":"https:\/\/www.nuevapescanova.com\/fr\/wp-json\/wp\/v2\/pages\/2787\/revisions"}],"up":[{"embeddable":true,"href":"https:\/\/www.nuevapescanova.com\/fr\/wp-json\/wp\/v2\/pages\/2781"}],"wp:attachment":[{"href":"https:\/\/www.nuevapescanova.com\/fr\/wp-json\/wp\/v2\/media?parent=2787"}],"curies":[{"name":"wp","href":"https:\/\/api.w.org\/{rel}","templated":true}]}}

<section class="wpb-content-wrapper"><p>[vc_row][vc_column][vc_column_text el_class= »titulo »]Contact pour la presse[/vc_column_text][/vc_column][/vc_row][vc_row][vc_column][vc_column_text]<span class="titular">Pour plus de renseignements pour les médias, veuillez contacter avec:</span></p>
<p><span class="titulo_azul">Direction Générale de Communication</span><br />
C/ José Fernández López s/n<br />
36320 Chapela &#8211; Redondela<br />
<strong>Pontevedra &#8211; ESPAGNE</strong><br />
Tel: + 34 986 818 100<br />
<a href="mailto:comunicacion@nuevapescanova.com" target="_blank" rel="noopener">comunicacion@nuevapescanova.com</a>[/vc_column_text][/vc_column][/vc_row]</p>
</section>

<p>[vc_row][vc_column][vc_column_text el_class= »titulo »]Contact pour la presse[/vc_column_text][/vc_column][/vc_row][vc_row][vc_column][vc_column_text]Pour plus de renseignements pour les médias, veuillez contacter avec: Direction Générale de Communication C/ José Fernández López s/n 36320 Chapela &#8211;<span class="excerpt-hellip"> […]</span></p>

<!-- This site is optimized with the Yoast SEO plugin v25.9 - https://yoast.com/wordpress/plugins/seo/ -->
<title>Contact pour la presse - Nueva Pescanova</title>
<meta name="robots" content="index, follow, max-snippet:-1, max-image-preview:large, max-video-preview:-1" />
<link rel="canonical" href="https://www.nuevapescanova.com/prensa-comunicacion/contacto-para-prensa/" />
<meta property="og:locale" content="fr_FR" />
<meta property="og:type" content="article" />
<meta property="og:title" content="Contact pour la presse - Nueva Pescanova" />
<meta property="og:description" content="[vc_row][vc_column][vc_column_text el_class= »titulo »]Contact pour la presse[/vc_column_text][/vc_column][/vc_row][vc_row][vc_column][vc_column_text]Pour plus de renseignements pour les médias, veuillez contacter avec: Direction Générale de Communication C/ José Fernández López s/n 36320 Chapela &#8211; […]" />
<meta property="og:url" content="https://www.nuevapescanova.com/prensa-comunicacion/contacto-para-prensa/" />
<meta property="og:site_name" content="Nueva Pescanova" />
<meta property="article:modified_time" content="2018-03-08T18:42:22+00:00" />
<meta name="twitter:card" content="summary_large_image" />
<meta name="twitter:site" content="@PescanovaCorp" />
<script type="application/ld+json" class="yoast-schema-graph">{"@context":"https://schema.org","@graph":[{"@type":"WebPage","@id":"https://www.nuevapescanova.com/prensa-comunicacion/contacto-para-prensa/","url":"https://www.nuevapescanova.com/prensa-comunicacion/contacto-para-prensa/","name":"Contact pour la presse - Nueva Pescanova","isPartOf":{"@id":"https://www.nuevapescanova.com/#website"},"datePublished":"2017-12-20T08:49:18+00:00","dateModified":"2018-03-08T18:42:22+00:00","breadcrumb":{"@id":"https://www.nuevapescanova.com/prensa-comunicacion/contacto-para-prensa/#breadcrumb"},"inLanguage":"fr-FR","potentialAction":[{"@type":"ReadAction","target":["https://www.nuevapescanova.com/prensa-comunicacion/contacto-para-prensa/"]}]},{"@type":"BreadcrumbList","@id":"https://www.nuevapescanova.com/prensa-comunicacion/contacto-para-prensa/#breadcrumb","itemListElement":[{"@type":"ListItem","position":1,"name":"Portada","item":"https://www.nuevapescanova.com/fr/"},{"@type":"ListItem","position":2,"name":"Communication","item":"https://www.nuevapescanova.com/fr/communication/"},{"@type":"ListItem","position":3,"name":"Contact pour la presse"}]},{"@type":"WebSite","@id":"https://www.nuevapescanova.com/#website","url":"https://www.nuevapescanova.com/","name":"Nueva Pescanova","description":"","publisher":{"@id":"https://www.nuevapescanova.com/#organization"},"potentialAction":[{"@type":"SearchAction","target":{"@type":"EntryPoint","urlTemplate":"https://www.nuevapescanova.com/?s={search_term_string}"},"query-input":{"@type":"PropertyValueSpecification","valueRequired":true,"valueName":"search_term_string"}}],"inLanguage":"fr-FR"},{"@type":"Organization","@id":"https://www.nuevapescanova.com/#organization","name":"Nueva Pescanova","url":"https://www.nuevapescanova.com/","logo":{"@type":"ImageObject","inLanguage":"fr-FR","@id":"https://www.nuevapescanova.com/#/schema/logo/image/","url":"https://www.nuevapescanova.com/nuevapescanova/wp-content/uploads/2023/06/Logo-Grupo-Nueva-Pescanova.jpg","contentUrl":"https://www.nuevapescanova.com/nuevapescanova/wp-content/uploads/2023/06/Logo-Grupo-Nueva-Pescanova.jpg","width":800,"height":398,"caption":"Nueva Pescanova"},"image":{"@id":"https://www.nuevapescanova.com/#/schema/logo/image/"},"sameAs":["https://x.com/PescanovaCorp","https://www.linkedin.com/company/nuevapescanova/?originalSubdomain=es"]}]}</script>
<!-- / Yoast SEO plugin. -->

[vc_row][vc_column][vc_column_text el_class= »titulo »]Contact pour la presse[/vc_column_text][/vc_column][/vc_row][vc_row][vc_column][vc_column_text]Pour plus de renseignements pour les médias, veuillez contacter avec: Direction Générale de Communication C/ José Fernández López s/n 36320 Chapela &#8211; […]
