{"id":16641,"date":"2020-04-14T07:47:12","date_gmt":"2020-04-14T07:47:12","guid":{"rendered":"http:\/\/www.nuevapescanova.com\/compania\/consejo-de-administracion\/javeri_carral\/"},"modified":"2021-09-15T07:13:45","modified_gmt":"2021-09-15T07:13:45","slug":"javeri_carral","status":"publish","type":"page","link":"https:\/\/www.nuevapescanova.com\/gl\/compania\/consejo-de-administracion\/javeri_carral\/","title":{"rendered":"D. Javier Carral"},"content":{"rendered":"<section class=\"wpb-content-wrapper\"><p>[vc_row][vc_column width=&#8221;1\/3&#8243;]<div class=\"photo_box element_classes  without-desc\"><div class=\"image_frame\"><div class=\"image_wrapper\"><div class=\"mask\"><\/div><img loading=\"lazy\" decoding=\"async\" class=\"scale-with-grid\" src=\"https:\/\/www.nuevapescanova.com\/nuevapescanova\/wp-content\/uploads\/2020\/09\/Carral.jpg\" alt=\"Carral\" width=\"300\" height=\"300\"\/><\/div><\/div><\/div>\n[\/vc_column][vc_column width=&#8221;2\/3&#8243;][vc_column_text]<\/p>\n<h2>Javier Carral<\/h2>\n<h4>Conselleiro<\/h4>\n<hr class=\" hr_color\" style=\"margin:0 auto 30px;\"\/>\n\n<p>Licenciado en Ciencias Econ\u00f3micas e Empresariais pola Universidade Complutense de Madrid e MBA pola Universidade de Houston (USA).<\/p>\n<p>Comezou a s\u00faa carreira profesional en Banesto Mercado de Capitais. En 1994 incorporouse ao Banco HSBC onde desempe\u00f1ou distintas responsabilidades nas \u00e1reas de Tesourer\u00eda e Mercados, Banca Privada e finalizou este per\u00edodo como presidente de HSBC Xesti\u00f3n SGIIC.<\/p>\n<p>No ano 2000 incorp\u00f3rase a Caixa Galicia, onde desenvolve diferentes postos de responsabilidade: director xeral GesCaixa Galicia SGECR, director dos centros financeiros, director de investimentos e conselleiro delegado da corporaci\u00f3n industrial.<\/p>\n<p>En 2014 foi nomeado director de participadas de ABANCA. Foi membro de diversos consellos de administraci\u00f3n de compa\u00f1\u00edas tales como Itinere Infraestruturas, R Cable, Cafento, Pl\u00e1sticos Ferro, Gas Galicia, Dinak, Cupa Group, Norvento, Grupo Continental, Helena Activos L\u00edquidos, Vigo Activo SCR, Sodiga SGECR, presidente de Espazos Termol\u00fadicos e Vicepresidente de Tecnocom. Ademais, foi membro dos consellos asesores de Unirisco, I+D Unifondo, Baring Iberia e Diana Capital.<\/p>\n<p>En 2021 foi nomeado Director Executivo da Banca de Investimento.<\/p>\n<p>Na actualidade representa a ABANCA nos consellos de Caser, Sogevinus Fine Wines e Veralia Corporaci\u00f3n de Produtoras de Cinema e Televisi\u00f3n.[\/vc_column_text][\/vc_column][\/vc_row]<\/p>\n<\/section>","protected":false},"excerpt":{"rendered":"<p>[vc_row][vc_column width=&#8221;1\/3&#8243;][\/vc_column][vc_column width=&#8221;2\/3&#8243;][vc_column_text] Javier Carral Conselleiro Licenciado en Ciencias Econ\u00f3micas e Empresariais pola Universidade Complutense de Madrid e MBA pola Universidade de Houston (USA). Comezou a<span class=\"excerpt-hellip\"> [\u2026]<\/span><\/p>\n","protected":false},"author":3,"featured_media":0,"parent":16636,"menu_order":1,"comment_status":"closed","ping_status":"closed","template":"","meta":{"_acf_changed":false,"footnotes":""},"class_list":["post-16641","page","type-page","status-publish","hentry"],"acf":[],"yoast_head":"<!-- This site is optimized with the Yoast SEO plugin v25.9 - https:\/\/yoast.com\/wordpress\/plugins\/seo\/ -->\n<title>D. Javier Carral - Nueva Pescanova<\/title>\n<meta name=\"robots\" content=\"index, follow, max-snippet:-1, max-image-preview:large, max-video-preview:-1\" \/>\n<link rel=\"canonical\" href=\"https:\/\/www.nuevapescanova.com\/gl\/compania\/consejo-de-administracion\/javeri_carral\/\" \/>\n<meta property=\"og:locale\" content=\"gl_ES\" \/>\n<meta property=\"og:type\" content=\"article\" \/>\n<meta property=\"og:title\" content=\"D. Javier Carral - Nueva Pescanova\" \/>\n<meta property=\"og:description\" content=\"[vc_row][vc_column width=&#8221;1\/3&#8243;][\/vc_column][vc_column width=&#8221;2\/3&#8243;][vc_column_text] Javier Carral Conselleiro Licenciado en Ciencias Econ\u00f3micas e Empresariais pola Universidade Complutense de Madrid e MBA pola Universidade de Houston (USA). Comezou a [\u2026]\" \/>\n<meta property=\"og:url\" content=\"https:\/\/www.nuevapescanova.com\/gl\/compania\/consejo-de-administracion\/javeri_carral\/\" \/>\n<meta property=\"og:site_name\" content=\"Nueva Pescanova\" \/>\n<meta property=\"article:modified_time\" content=\"2021-09-15T07:13:45+00:00\" \/>\n<meta name=\"twitter:card\" content=\"summary_large_image\" \/>\n<meta name=\"twitter:site\" content=\"@PescanovaCorp\" \/>\n<meta name=\"twitter:label1\" content=\"Est. reading time\" \/>\n\t<meta name=\"twitter:data1\" content=\"1 minute\" \/>\n<script type=\"application\/ld+json\" class=\"yoast-schema-graph\">{\"@context\":\"https:\/\/schema.org\",\"@graph\":[{\"@type\":\"WebPage\",\"@id\":\"https:\/\/www.nuevapescanova.com\/gl\/compania\/consejo-de-administracion\/javeri_carral\/\",\"url\":\"https:\/\/www.nuevapescanova.com\/gl\/compania\/consejo-de-administracion\/javeri_carral\/\",\"name\":\"D. Javier Carral - Nueva Pescanova\",\"isPartOf\":{\"@id\":\"https:\/\/www.nuevapescanova.com\/#website\"},\"datePublished\":\"2020-04-14T07:47:12+00:00\",\"dateModified\":\"2021-09-15T07:13:45+00:00\",\"breadcrumb\":{\"@id\":\"https:\/\/www.nuevapescanova.com\/gl\/compania\/consejo-de-administracion\/javeri_carral\/#breadcrumb\"},\"inLanguage\":\"gl-ES\",\"potentialAction\":[{\"@type\":\"ReadAction\",\"target\":[\"https:\/\/www.nuevapescanova.com\/gl\/compania\/consejo-de-administracion\/javeri_carral\/\"]}]},{\"@type\":\"BreadcrumbList\",\"@id\":\"https:\/\/www.nuevapescanova.com\/gl\/compania\/consejo-de-administracion\/javeri_carral\/#breadcrumb\",\"itemListElement\":[{\"@type\":\"ListItem\",\"position\":1,\"name\":\"Portada\",\"item\":\"https:\/\/www.nuevapescanova.com\/gl\/\"},{\"@type\":\"ListItem\",\"position\":2,\"name\":\"Compa\u00f1\u00eda\",\"item\":\"https:\/\/www.nuevapescanova.com\/gl\/compania\/\"},{\"@type\":\"ListItem\",\"position\":3,\"name\":\"Consello de Administraci\u00f3n\",\"item\":\"https:\/\/www.nuevapescanova.com\/gl\/compania\/consejo-de-administracion\/\"},{\"@type\":\"ListItem\",\"position\":4,\"name\":\"D. Javier Carral\"}]},{\"@type\":\"WebSite\",\"@id\":\"https:\/\/www.nuevapescanova.com\/#website\",\"url\":\"https:\/\/www.nuevapescanova.com\/\",\"name\":\"Nueva Pescanova\",\"description\":\"\",\"publisher\":{\"@id\":\"https:\/\/www.nuevapescanova.com\/#organization\"},\"potentialAction\":[{\"@type\":\"SearchAction\",\"target\":{\"@type\":\"EntryPoint\",\"urlTemplate\":\"https:\/\/www.nuevapescanova.com\/?s={search_term_string}\"},\"query-input\":{\"@type\":\"PropertyValueSpecification\",\"valueRequired\":true,\"valueName\":\"search_term_string\"}}],\"inLanguage\":\"gl-ES\"},{\"@type\":\"Organization\",\"@id\":\"https:\/\/www.nuevapescanova.com\/#organization\",\"name\":\"Nueva Pescanova\",\"url\":\"https:\/\/www.nuevapescanova.com\/\",\"logo\":{\"@type\":\"ImageObject\",\"inLanguage\":\"gl-ES\",\"@id\":\"https:\/\/www.nuevapescanova.com\/#\/schema\/logo\/image\/\",\"url\":\"https:\/\/www.nuevapescanova.com\/nuevapescanova\/wp-content\/uploads\/2023\/06\/Logo-Grupo-Nueva-Pescanova.jpg\",\"contentUrl\":\"https:\/\/www.nuevapescanova.com\/nuevapescanova\/wp-content\/uploads\/2023\/06\/Logo-Grupo-Nueva-Pescanova.jpg\",\"width\":800,\"height\":398,\"caption\":\"Nueva Pescanova\"},\"image\":{\"@id\":\"https:\/\/www.nuevapescanova.com\/#\/schema\/logo\/image\/\"},\"sameAs\":[\"https:\/\/x.com\/PescanovaCorp\",\"https:\/\/www.linkedin.com\/company\/nuevapescanova\/?originalSubdomain=es\"]}]}<\/script>\n<!-- \/ Yoast SEO plugin. -->","yoast_head_json":{"title":"D. Javier Carral - Nueva Pescanova","robots":{"index":"index","follow":"follow","max-snippet":"max-snippet:-1","max-image-preview":"max-image-preview:large","max-video-preview":"max-video-preview:-1"},"canonical":"https:\/\/www.nuevapescanova.com\/gl\/compania\/consejo-de-administracion\/javeri_carral\/","og_locale":"gl_ES","og_type":"article","og_title":"D. Javier Carral - Nueva Pescanova","og_description":"[vc_row][vc_column width=&#8221;1\/3&#8243;][\/vc_column][vc_column width=&#8221;2\/3&#8243;][vc_column_text] Javier Carral Conselleiro Licenciado en Ciencias Econ\u00f3micas e Empresariais pola Universidade Complutense de Madrid e MBA pola Universidade de Houston (USA). Comezou a [\u2026]","og_url":"https:\/\/www.nuevapescanova.com\/gl\/compania\/consejo-de-administracion\/javeri_carral\/","og_site_name":"Nueva Pescanova","article_modified_time":"2021-09-15T07:13:45+00:00","twitter_card":"summary_large_image","twitter_site":"@PescanovaCorp","twitter_misc":{"Est. reading time":"1 minute"},"schema":{"@context":"https:\/\/schema.org","@graph":[{"@type":"WebPage","@id":"https:\/\/www.nuevapescanova.com\/gl\/compania\/consejo-de-administracion\/javeri_carral\/","url":"https:\/\/www.nuevapescanova.com\/gl\/compania\/consejo-de-administracion\/javeri_carral\/","name":"D. Javier Carral - Nueva Pescanova","isPartOf":{"@id":"https:\/\/www.nuevapescanova.com\/#website"},"datePublished":"2020-04-14T07:47:12+00:00","dateModified":"2021-09-15T07:13:45+00:00","breadcrumb":{"@id":"https:\/\/www.nuevapescanova.com\/gl\/compania\/consejo-de-administracion\/javeri_carral\/#breadcrumb"},"inLanguage":"gl-ES","potentialAction":[{"@type":"ReadAction","target":["https:\/\/www.nuevapescanova.com\/gl\/compania\/consejo-de-administracion\/javeri_carral\/"]}]},{"@type":"BreadcrumbList","@id":"https:\/\/www.nuevapescanova.com\/gl\/compania\/consejo-de-administracion\/javeri_carral\/#breadcrumb","itemListElement":[{"@type":"ListItem","position":1,"name":"Portada","item":"https:\/\/www.nuevapescanova.com\/gl\/"},{"@type":"ListItem","position":2,"name":"Compa\u00f1\u00eda","item":"https:\/\/www.nuevapescanova.com\/gl\/compania\/"},{"@type":"ListItem","position":3,"name":"Consello de Administraci\u00f3n","item":"https:\/\/www.nuevapescanova.com\/gl\/compania\/consejo-de-administracion\/"},{"@type":"ListItem","position":4,"name":"D. Javier Carral"}]},{"@type":"WebSite","@id":"https:\/\/www.nuevapescanova.com\/#website","url":"https:\/\/www.nuevapescanova.com\/","name":"Nueva Pescanova","description":"","publisher":{"@id":"https:\/\/www.nuevapescanova.com\/#organization"},"potentialAction":[{"@type":"SearchAction","target":{"@type":"EntryPoint","urlTemplate":"https:\/\/www.nuevapescanova.com\/?s={search_term_string}"},"query-input":{"@type":"PropertyValueSpecification","valueRequired":true,"valueName":"search_term_string"}}],"inLanguage":"gl-ES"},{"@type":"Organization","@id":"https:\/\/www.nuevapescanova.com\/#organization","name":"Nueva Pescanova","url":"https:\/\/www.nuevapescanova.com\/","logo":{"@type":"ImageObject","inLanguage":"gl-ES","@id":"https:\/\/www.nuevapescanova.com\/#\/schema\/logo\/image\/","url":"https:\/\/www.nuevapescanova.com\/nuevapescanova\/wp-content\/uploads\/2023\/06\/Logo-Grupo-Nueva-Pescanova.jpg","contentUrl":"https:\/\/www.nuevapescanova.com\/nuevapescanova\/wp-content\/uploads\/2023\/06\/Logo-Grupo-Nueva-Pescanova.jpg","width":800,"height":398,"caption":"Nueva Pescanova"},"image":{"@id":"https:\/\/www.nuevapescanova.com\/#\/schema\/logo\/image\/"},"sameAs":["https:\/\/x.com\/PescanovaCorp","https:\/\/www.linkedin.com\/company\/nuevapescanova\/?originalSubdomain=es"]}]}},"_links":{"self":[{"href":"https:\/\/www.nuevapescanova.com\/gl\/wp-json\/wp\/v2\/pages\/16641","targetHints":{"allow":["GET"]}}],"collection":[{"href":"https:\/\/www.nuevapescanova.com\/gl\/wp-json\/wp\/v2\/pages"}],"about":[{"href":"https:\/\/www.nuevapescanova.com\/gl\/wp-json\/wp\/v2\/types\/page"}],"author":[{"embeddable":true,"href":"https:\/\/www.nuevapescanova.com\/gl\/wp-json\/wp\/v2\/users\/3"}],"replies":[{"embeddable":true,"href":"https:\/\/www.nuevapescanova.com\/gl\/wp-json\/wp\/v2\/comments?post=16641"}],"version-history":[{"count":3,"href":"https:\/\/www.nuevapescanova.com\/gl\/wp-json\/wp\/v2\/pages\/16641\/revisions"}],"predecessor-version":[{"id":22490,"href":"https:\/\/www.nuevapescanova.com\/gl\/wp-json\/wp\/v2\/pages\/16641\/revisions\/22490"}],"up":[{"embeddable":true,"href":"https:\/\/www.nuevapescanova.com\/gl\/wp-json\/wp\/v2\/pages\/16636"}],"wp:attachment":[{"href":"https:\/\/www.nuevapescanova.com\/gl\/wp-json\/wp\/v2\/media?parent=16641"}],"curies":[{"name":"wp","href":"https:\/\/api.w.org\/{rel}","templated":true}]}}

<section class="wpb-content-wrapper"><p>[vc_row][vc_column width=&#8221;1/3&#8243;]<div class="photo_box element_classes  without-desc"><div class="image_frame"><div class="image_wrapper"><div class="mask"></div><img loading="lazy" decoding="async" class="scale-with-grid" src="https://www.nuevapescanova.com/nuevapescanova/wp-content/uploads/2020/09/Carral.jpg" alt="Carral" width="300" height="300"/></div></div></div>
[/vc_column][vc_column width=&#8221;2/3&#8243;][vc_column_text]</p>
<h2>Javier Carral</h2>
<h4>Conselleiro</h4>
<hr class=" hr_color" style="margin:0 auto 30px;"/>

<p>Licenciado en Ciencias Económicas e Empresariais pola Universidade Complutense de Madrid e MBA pola Universidade de Houston (USA).</p>
<p>Comezou a súa carreira profesional en Banesto Mercado de Capitais. En 1994 incorporouse ao Banco HSBC onde desempeñou distintas responsabilidades nas áreas de Tesourería e Mercados, Banca Privada e finalizou este período como presidente de HSBC Xestión SGIIC.</p>
<p>No ano 2000 incorpórase a Caixa Galicia, onde desenvolve diferentes postos de responsabilidade: director xeral GesCaixa Galicia SGECR, director dos centros financeiros, director de investimentos e conselleiro delegado da corporación industrial.</p>
<p>En 2014 foi nomeado director de participadas de ABANCA. Foi membro de diversos consellos de administración de compañías tales como Itinere Infraestruturas, R Cable, Cafento, Plásticos Ferro, Gas Galicia, Dinak, Cupa Group, Norvento, Grupo Continental, Helena Activos Líquidos, Vigo Activo SCR, Sodiga SGECR, presidente de Espazos Termolúdicos e Vicepresidente de Tecnocom. Ademais, foi membro dos consellos asesores de Unirisco, I+D Unifondo, Baring Iberia e Diana Capital.</p>
<p>En 2021 foi nomeado Director Executivo da Banca de Investimento.</p>
<p>Na actualidade representa a ABANCA nos consellos de Caser, Sogevinus Fine Wines e Veralia Corporación de Produtoras de Cinema e Televisión.[/vc_column_text][/vc_column][/vc_row]</p>
</section>

<p>[vc_row][vc_column width=&#8221;1/3&#8243;][/vc_column][vc_column width=&#8221;2/3&#8243;][vc_column_text] Javier Carral Conselleiro Licenciado en Ciencias Económicas e Empresariais pola Universidade Complutense de Madrid e MBA pola Universidade de Houston (USA). Comezou a<span class="excerpt-hellip"> […]</span></p>

<!-- This site is optimized with the Yoast SEO plugin v25.9 - https://yoast.com/wordpress/plugins/seo/ -->
<title>D. Javier Carral - Nueva Pescanova</title>
<meta name="robots" content="index, follow, max-snippet:-1, max-image-preview:large, max-video-preview:-1" />
<link rel="canonical" href="https://www.nuevapescanova.com/gl/compania/consejo-de-administracion/javeri_carral/" />
<meta property="og:locale" content="gl_ES" />
<meta property="og:type" content="article" />
<meta property="og:title" content="D. Javier Carral - Nueva Pescanova" />
<meta property="og:description" content="[vc_row][vc_column width=&#8221;1/3&#8243;][/vc_column][vc_column width=&#8221;2/3&#8243;][vc_column_text] Javier Carral Conselleiro Licenciado en Ciencias Económicas e Empresariais pola Universidade Complutense de Madrid e MBA pola Universidade de Houston (USA). Comezou a […]" />
<meta property="og:url" content="https://www.nuevapescanova.com/gl/compania/consejo-de-administracion/javeri_carral/" />
<meta property="og:site_name" content="Nueva Pescanova" />
<meta property="article:modified_time" content="2021-09-15T07:13:45+00:00" />
<meta name="twitter:card" content="summary_large_image" />
<meta name="twitter:site" content="@PescanovaCorp" />
<meta name="twitter:label1" content="Est. reading time" />
	<meta name="twitter:data1" content="1 minute" />
<script type="application/ld+json" class="yoast-schema-graph">{"@context":"https://schema.org","@graph":[{"@type":"WebPage","@id":"https://www.nuevapescanova.com/gl/compania/consejo-de-administracion/javeri_carral/","url":"https://www.nuevapescanova.com/gl/compania/consejo-de-administracion/javeri_carral/","name":"D. Javier Carral - Nueva Pescanova","isPartOf":{"@id":"https://www.nuevapescanova.com/#website"},"datePublished":"2020-04-14T07:47:12+00:00","dateModified":"2021-09-15T07:13:45+00:00","breadcrumb":{"@id":"https://www.nuevapescanova.com/gl/compania/consejo-de-administracion/javeri_carral/#breadcrumb"},"inLanguage":"gl-ES","potentialAction":[{"@type":"ReadAction","target":["https://www.nuevapescanova.com/gl/compania/consejo-de-administracion/javeri_carral/"]}]},{"@type":"BreadcrumbList","@id":"https://www.nuevapescanova.com/gl/compania/consejo-de-administracion/javeri_carral/#breadcrumb","itemListElement":[{"@type":"ListItem","position":1,"name":"Portada","item":"https://www.nuevapescanova.com/gl/"},{"@type":"ListItem","position":2,"name":"Compañía","item":"https://www.nuevapescanova.com/gl/compania/"},{"@type":"ListItem","position":3,"name":"Consello de Administración","item":"https://www.nuevapescanova.com/gl/compania/consejo-de-administracion/"},{"@type":"ListItem","position":4,"name":"D. Javier Carral"}]},{"@type":"WebSite","@id":"https://www.nuevapescanova.com/#website","url":"https://www.nuevapescanova.com/","name":"Nueva Pescanova","description":"","publisher":{"@id":"https://www.nuevapescanova.com/#organization"},"potentialAction":[{"@type":"SearchAction","target":{"@type":"EntryPoint","urlTemplate":"https://www.nuevapescanova.com/?s={search_term_string}"},"query-input":{"@type":"PropertyValueSpecification","valueRequired":true,"valueName":"search_term_string"}}],"inLanguage":"gl-ES"},{"@type":"Organization","@id":"https://www.nuevapescanova.com/#organization","name":"Nueva Pescanova","url":"https://www.nuevapescanova.com/","logo":{"@type":"ImageObject","inLanguage":"gl-ES","@id":"https://www.nuevapescanova.com/#/schema/logo/image/","url":"https://www.nuevapescanova.com/nuevapescanova/wp-content/uploads/2023/06/Logo-Grupo-Nueva-Pescanova.jpg","contentUrl":"https://www.nuevapescanova.com/nuevapescanova/wp-content/uploads/2023/06/Logo-Grupo-Nueva-Pescanova.jpg","width":800,"height":398,"caption":"Nueva Pescanova"},"image":{"@id":"https://www.nuevapescanova.com/#/schema/logo/image/"},"sameAs":["https://x.com/PescanovaCorp","https://www.linkedin.com/company/nuevapescanova/?originalSubdomain=es"]}]}</script>
<!-- / Yoast SEO plugin. -->

[vc_row][vc_column width=&#8221;1/3&#8243;][/vc_column][vc_column width=&#8221;2/3&#8243;][vc_column_text] Javier Carral Conselleiro Licenciado en Ciencias Económicas e Empresariais pola Universidade Complutense de Madrid e MBA pola Universidade de Houston (USA). Comezou a […]

Compañía

Consello de Administración
